). Let r(j) = -5*j + 7. Let o(b) = -2*b - 1. Let d(l) = a*r(l) + o(l). Give d(6).
10
Let p(v) = v + 1. Let w = 175 - 170. What is p(w)?
6
Let r(u) be the second derivative of u**4/6 + 2*u**3/3 - u**2 - 29*u. What is r(-4)?
14
Let x(m) = m**3 - 5*m**2 - 6*m - 7. Let l(j) = -j**3 + 3*j**2 + 6*j - 2. Let p be l(4). What is x(p)?
-7
Let p(q) = 2*q + 2. Let f be p(-2). Let x be (f - 1)/((-1)/1). Let t(v) = -v**2 + 4*v - 3. Give t(x).
0
Let y(k) = k**3 + 5*k**2 - 7*k - 8. Let r(s) = 8*s - 11. Let w be r(5). Let v = -41 + w. Let d be v/(-10)*(-1 + -4). What is y(d)?
-2
Let q(z) = z + 3. Let j = -184 + 180. Give q(j).
-1
Let s(m) = -m**2 - 3*m - 4. Suppose -3*l = 5*r - 5, 0 = 4*l - 0*l - r + 1. Let b be s(l). Let x(t) = t**2 + 5*t - 4. Determine x(b).
-8
Suppose -l - 3*p + 2 = 0, 4 = -2*l - p + 18. Let x(o) = 2 + 4*o**3 - o + 9*o**2 - 5*o**3 - l*o. Give x(8).
-6
Suppose -18 = -0*q - 6*q. Let y(z) = z**3 - 9*z**2 + 5*z**2 + 13 + 3*z - 2*z**q - 5*z**2. Determine y(-9).
-14
Let p(r) be the third derivative of 11*r**2 + 0 - 1/60*r**5 + 0*r - 1/4*r**4 - 1/3*r**3. Let z(c) = -c**3 - 3*c**2 + 4*c - 4. Let g be z(-4). Determine p(g).
6
Let p(z) = 14*z + 46. Let j be p(8). Let g = -161 + j. Let b(l) = -l**3 - 5*l**2 - l - 4. Give b(g).
-19
Let a(o) = -2*o**3 + 7*o**2 - 8*o - 794 + 797 + 3*o**3. Calculate a(-8).
3
Suppose 2*l - 5*l = 2*q + 4, -l = q + 4. Let g(m) be the first derivative of -m**4/4 - 8*m**3/3 + m**2/2 + m - 1. What is g(q)?
-7
Let t(m) be the second derivative of m**7/840 + m**6/90 + m**5/120 + m**4/12 - 13*m**3/6 - 4*m. Let i(b) be the second derivative of t(b). Calculate i(-4).
-2
Let x(h) = -h + 1. Suppose 2*o + 2*z = 6, -3*o - z = -5*o + 6. Let s be (1 - 4 - -4)*o. Determine x(s).
-2
Let g(t) = 2*t - 17. Let d be g(12). Let z(x) = 0*x**2 - d*x**2 + 132*x - 132*x. Calculate z(1).
-7
Let l = 153 - 65. Let u be (9/(-4))/((-33)/l). Let m(z) = -z**3 + 5*z**2 + 7*z - 9. Let g be m(u). Let h(c) = -c**2 - 3*c + 3. Calculate h(g).
3
Suppose -3*f - 3*f = -6. Let r(y) = -f - 5*y**2 + 5*y + y**3 + 0 + 11*y**2. Give r(-4).
11
Let m be -10 + (-17)/((-170)/90). Let u(q) = -6*q**2 + 2*q**2 + 2*q**2 - 2*q - 1. Determine u(m).
-1
Let x(h) be the first derivative of h**4/4 - 4*h**3/3 - h**2/2 - h - 44. Give x(5).
19
Let x be (8/4 - 0)/1. Let i(a) = -2*a - 1 + 32*a**x - 14*a**2 - 17*a**2. Calculate i(-3).
14
Suppose -f = 3*a - 26, -5*a + 10 = -7*f + 2*f. Let k(m) be the first derivative of -m**4/4 + 7*m**3/3 + m**2/2 + 8*m - 61. What is k(a)?
15
Let a be (-21)/(-6)*24/7. Suppose 2*m = -2*n + a, n - 2*m + 5 = -1. Let k(v) = -v + n*v**2 - 3 - 4*v**2 - 4*v**2 + 5*v**2. What is k(0)?
-3
Let u(x) = -x**2 + 2. Suppose 0*j - 3*j = -9. Suppose -3*w = 2*y - 153, 246 = j*y + 4*w - 5*w. Let n be 9/y + 2/(-18). Calculate u(n).
2
Let t(l) be the first derivative of -l**3/3 - 15*l**2/2 - 15*l + 221. Give t(-14).
-1
Let o(y) = -5*y - 9. Let r(f) = 2*f + 5. Let i(b) = 3*o(b) + 5*r(b). Calculate i(-2).
8
Let i(o) = -2*o - 1. Let z(x) = x**2 - 12*x + 1. Let k(v) = -4*i(v) + z(v). What is k(4)?
5
Let h(a) = a**3 - a**2 + 2*a - 3. Let c(z) = z**3 + 7*z**2 + 4*z - 2. Let y be c(-4). Suppose -5*b = 4*f - y, -2*f = 5*b - 4*f. What is h(b)?
5
Let k(o) = -o**2 - 8*o - 9. Suppose -4*w = -12, -39 = -5*t + 3*w + 42. Suppose 173*u - t = 176*u. What is k(u)?
3
Let n = 5 - 21. Let f = n + 14. Let l(o) = -o**3 - 2*o - 2. What is l(f)?
10
Let j(b) = 171*b - 343. Let g be j(2). Let s(k) = -k**2 - 7*k + 2. Let x be s(-7). Let m(p) = 4*p**2 - p**2 - 1 - 6*p**x. Give m(g).
-4
Let o(q) be the second derivative of -33*q + 1/2*q**2 + 0 - 4/3*q**3. Determine o(3).
-23
Let i = 98 + -98. Let d be (1 - i) + -2 + 7. Let k(p) be the second derivative of p**5/20 - p**4/2 - 7*p**2/2 + p. What is k(d)?
-7
Let m = 1 + -4. Let o(b) = b**2 - 407*b + 408*b + 3*b**2 + 1 - 5*b**2. Determine o(m).
-11
Let r(c) = 3 - 3 - 92*c - 3 + 82*c. Give r(-4).
37
Suppose 0*d + 21 = 3*d. Suppose c - 19 = 4*r + 2*c, -2*r - 23 = 5*c. Let x(f) = -5*f + 8. Let j(q) = -q. Let t(k) = r*j(k) + x(k). Calculate t(d).
1
Let i(u) = u**2 - 30*u - 136. Let h be i(34). Let w(g) = g**3 + g**2 - 6. Give w(h).
-6
Let c(b) = -b**3 - 3*b**2 + 5*b. Let a(m) = m**2 + 61*m + 420. Let k be a(-53). Calculate c(k).
-4
Let j(s) = -2*s**2 + 5*s + 10. Let a be j(5). Let z = -18 - a. Let k(l) = l**2 + 3*l + 4. Calculate k(z).
4
Let w(o) = o + 2. Suppose -1 = 4*c + 115. Let l = c - -24. What is w(l)?
-3
Let o(k) = 3*k + 7. Let b be o(5). Suppose -4*x - b = -3*s, -15 = -3*s + 5*x + 5. Let u = s - 17. Let c(f) = -f + 6. Calculate c(u).
13
Let p(d) = -d + 7. Let w(x) = -x + 1. Let o(c) = p(c) - 2*w(c). Suppose 4*z = 5*t + 28, 9*z - 12*z + 6 = 0. Give o(t).
1
Suppose 2*m - 3 = 3*w, w = 3*w + 4*m + 18. Let c(f) = -f - 1. Let z be 0 - 10 - (13 + -16). Let q(h) = 2*h + 2. Let r(t) = w*q(t) + z*c(t). Calculate r(-3).
-2
Suppose -7*r = -123 + 95. Let k(q) = q - 1. Give k(r).
3
Let o(v) = -4*v + 2. Let h(z) = z**2 - 16*z + 61. Let p be h(8). Determine o(p).
14
Let y(u) = -u**3 + 6*u**2 - 5*u - 5. Let r = 55 - 67. Suppose 5*w - 5*n = -25, -2*n - 38 = 4*w + 3*n. Let j = w - r. Calculate y(j).
-5
Let s(b) = -2*b**3 + 2*b**2 - 6*b + 3. Let t be s(2). Let k = 17 + t. Let m(c) = -2*c**2 + 3*c**2 - 2*c**2 - 5. What is m(k)?
-5
Let d(k) = -k**3 - 4*k**2 + 5*k + 2. Let x be d(-5). Suppose -x*w + 14 = -0. Let s(f) = -6*f + 5 - 3 + w*f. Give s(0).
2
Let r(z) = z**2 + 2*z - 6. Suppose 0 = 2*h - 0*h + 70. Let n = h + 29. Determine r(n).
18
Let v(c) = -c**2 + c + 1. Let g(r) = -r - 28. Let k be g(-19). Let n be (42/(-18) + 2)*k. Determine v(n).
-5
Let f(d) = d**2 + 13*d + 4. Suppose -35 = -5*n - 10, 25 = -2*x + n. Determine f(x).
-26
Let f be (-15)/2 - (-1)/2. Let r(p) be the second derivative of -p**3/3 + 2*p**2 + 1786*p. Calculate r(f).
18
Suppose -3*r - 15 = 3*y, 0 = y - 5*y - 5*r - 18. Let h(x) = x**2 + 7*x. What is h(y)?
0
Let i(n) = -9*n**2 + 872*n + 0*n**3 - n**3 - 863*n - 5. Calculate i(-10).
5
Let n(b) = -b**2 - b - 4. Let v(y) = 13*y**2 + 4*y + 19. Let w(i) = 5*n(i) + v(i). Suppose 0*d - 4*d - 4 = 0. Give w(d).
8
Let i(k) be the first derivative of k**3/3 + 7*k**2/2 + 3*k + 95. Let f(w) = -w**2 + 7*w + 2. Let u be f(8). Calculate i(u).
-3
Let k(g) = 2*g**3 + 50*g**2 - 53*g - 33. Let j be k(-26). Let n(z) = z**2 + 2*z - 8. Determine n(j).
27
Let k(f) = 86*f + 77*f - 1 - 164*f. Let x = 4 + -7. Give k(x).
2
Let y(l) = 15*l**3 - 2*l**2 + l. Let g = -26 + 29. Suppose 0 = 5*x + 4*s + 11, g*x + 2*s = -5 - 0. Give y(x).
14
Let k be (-3)/((-21)/20)*14/4. Let l(u) = u + 7 + 3*u + 0 - 3*u**2 - k. Give l(3).
-18
Let k(q) = -q**3 - 7*q**2 - 11*q - 2. Let a be k(-5). Let c(j) = -7*j**a - 5 + 23*j**3 - 13*j**2 - 17*j**3. Calculate c(-13).
-5
Let k be 21*(-4)/(-3) - 0. Let y(r) = -5 - 21*r - k*r + 50*r. Suppose 4*a - 23 = 5. Calculate y(a).
2
Let c = -4 + -2. Let h be (-1)/((5/c)/5). Suppose -h*w + 24 = -2*w. Let s(y) = y - 7. What is s(w)?
-1
Let l(j) = -j**2 + 6*j - 5. Let n be l(4). Let h(r) = -n - 1 + r**2 - 4*r + 2. Let p be 65/(-60)*-3 - 2/8. Calculate h(p).
-5
Suppose 0 = p - 4*o + 9, 3*p - 10 + 5 = -4*o. Let l(t) = 22*t. Determine l(p).
-22
Suppose -756 = 15*s - 3*s. Let z = -65 - s. Let m(v) = -3 + 6*v + 7 - 1. What is m(z)?
-9
Let i(r) = -3*r**3 - 13*r**2 - r - 5. Let g(x) = -10*x**3 - 40*x**2 - 3*x - 17. Let t(v) = -2*g(v) + 7*i(v). Give t(-11).
10
Suppose 2 = -w - 2*h + 5, -2*w = -3*h - 6. Let z(u) = u - 2*u + w*u + 0*u + 3*u**2 - 1. Let s = -3 + 4. Determine z(s).
4
Let y(x) = 73*x**3 - 16 + 6 - 37*x**3 - 10*x**2 + 18*x - 35*x**3 + x. What is y(8)?
14
Let q be (-2 + (19 - (-6)/(-2)))/1. Let c(z) = -q*z**2 + 7*z**2 - 12*z**2 + z. Give c(-1).
-20
Let g(a) = -5*a + 3*a + 3 - 2. Suppose -5*h - 2*x = 15, -9 = 4*h - x + 3. Calculate g(h).
7
Let b(g) be the third derivative of -g**5/30 + g**4/6 + 7*g**3/6 - 2*g**2 - 24*g. Determine b(4).
-9
Let f(c) = -c + 1. Let s be 52/(-390) + (0 - (-56)/(-30)). Determine f(s).
3
Suppose 4*c - 2*k = -7*k - 43, -2*c = 5*k + 29. Let w(l) = -11*l - 70. Calculate w(c).
7
Let m(n) = 8. Let i(h) = -6 + 7 + h - 1. Let y(f) = 2*i(f) + m(f). Calculate y(-7).
-6
Let z(g) = -g**2 + 6*g - 4. Suppose 0 = x + 7*x - 32. Let r be (1 + x)/(-2 + 1 + 2). Determine z(r).
1
Let m(i) be the second derivative of -i**5/20 - 7*i**4/12 - 5*i**3/6 - 82*i. What is m(-